-14
Let h(w) = 8172*w + 24499. Calculate h(-3).
-17
Let k(d) = d**2 - 8361*d - 218029. What is k(-26)?
33
Let i(s) = -10*s**2 + 4380*s - 8728. What is i(2)?
-8
Let n(v) = -32*v**3 + 88*v**2 + 31*v - 32. Give n(3).
-11
Let w(x) = -x**2 + 248*x - 16479. Give w(129).
-1128
Let t(i) = -111*i**2 - 1750*i + 3502. Determine t(2).
-442
Let y(h) = -1024*h + 98415. What is y(94)?
2159
Let i(r) = -781*r + 145286. Determine i(186).
20
Let j(l) = l**3 - 2411*l**2 + 1026167*l + 575. Determine j(552).
23
Let g(r) = -1133*r + 15826. What is g(14)?
-36
Let u(z) = 3*z**3 + 1839*z**2 - z + 527. Calculate u(-613).
1140
Let k(p) = -77955*p + 77950. Give k(1).
-5
Let j(a) = -a**3 - 82*a**2 - 194*a + 2107. Give j(-79).
-1290
Let o(u) = u**3 - 20*u**2 + 766*u - 20684. Calculate o(24).
4
Let k(l) = 12*l**3 - l**2 - 15*l + 65. Determine k(-4).
-659
Let a(x) = 3*x**3 - 384*x**2 - 5963*x - 7. Give a(-14).
-21
Let p(r) = 2*r**3 + 25*r**2 + 13*r + 48. Calculate p(-12).
36
Let z(g) = 41*g**2 + 424*g + 166. Determine z(-10).
26
Let n(s) = s**2 - 5547*s - 50003. Calculate n(-9).
1
Let l(w) = 1546*w + 820664. Determine l(-531).
-262
Let b(w) = 2*w**3 + 19*w**2 - 24*w - 37. Determine b(-11).
-136
Let d(v) = -53*v**3 - 96*v**2 + 183*v - 7. Calculate d(-3).
11
Let w(s) = -15*s**2 - 487*s + 985. Give w(2).
-49
Let p(u) = -u**2 + 812532*u + 4062682. Give p(-5).
-3
Let w(r) = -1370*r - 2846. What is w(-2)?
-106
Let t(r) = 1986*r - 49715. Determine t(25).
-65
Let w(u) = u**3 + 21*u**2 + 647*u + 13633. What is w(-21)?
46
Let f(b) = 2951*b + 3089. Give f(-1).
138
Let q(j) = 17*j**2 + 9738*j - 90816. What is q(-582)?
-24
Let s(q) = 8561*q + 12961354. Give s(-1514).
0
Let f(t) = -t**2 - 226*t + 12570. Determine f(-272).
58
Let i(y) = 4*y**2 + 123*y + 330. Give i(-30).
240
Let p(x) = 933*x**2 + 266*x - 267. Calculate p(1).
932
Let j(f) = 65*f**3 - 456*f**2 - 210*f + 1517. Calculate j(7).
-2
Let o(g) = 12*g**2 + 765*g - 127. Determine o(-64).
65
Let l(j) = 4*j**2 - 76*j + 53. Calculate l(16).
-139
Let t(s) = 6616*s + 621900. Determine t(-94).
-4
Let y(f) = -f**3 + 11*f**2 - 1268*f + 16819. Give y(13).
-3
Let t(r) = r**3 + 26*r**2 + 109*r - 28. Determine t(-8).
252
Let o(t) = -642*t**2 - 3667*t - 14. Determine o(-6).
-1124
Let b(q) = 837*q - 814. Give b(3).
1697
Let o(l) = -15*l**3 - 196*l**2 - 206*l - 16. What is o(-1)?
9
Let k(u) = 10*u**3 + 53*u**2 - 3677*u - 83. Give k(-22).
-17
Let w(c) = 12610*c - 12623. Give w(1).
-13
Let n(x) = -5*x**3 + 121*x**2 - 2002*x + 42869. Give n(23).
-3
Let x(p) = -p**3 - 7516*p**2 - 67466*p + 872. Give x(-9).
-1
Let d(x) = -1993*x + 274491. Calculate d(138).
-543
Let v(j) = -109*j**2 - 3180*j - 219. Give v(-30).
-2919
Let y(s) = 158*s**3 - 6161*s**2 - 38*s + 77. What is y(39)?
116
Let x(v) = -v**3 + 20*v**2 - 75*v - 388. Calculate x(12).
-136
Let k(d) = -d**3 + d**2 + 841*d - 7845. What is k(10)?
-335
Let k(l) = -7*l**2 - 120*l + 5655. Determine k(21).
48
Let k(q) = -416189*q - 4578090. What is k(-11)?
-11
Let r(g) = 3*g**3 + g**2 + 77*g + 473. What is r(-4)?
-11
Let i(v) = -3*v**2 - 458*v + 83354. Calculate i(107).
1
Let k(x) = x**3 + 227*x**2 - 248*x - 6543. Give k(-228).
-1983
Let x(c) = -21611*c - 86450. Determine x(-4).
-6
Let i(y) = -y**2 + 830276*y - 5811889. Give i(7).
-6
Let h(p) = -12438*p - 149262. Give h(-12).
-6
Let x(d) = -277*d**3 + 6*d**2 - 15*d - 16. What is x(-1)?
282
Let r(m) = 4341*m - 520916. Give r(120).
4
Let g(d) = -d**3 - 220*d**2 + 3346*d - 974. Determine g(14).
6
Let r(u) = 357*u - 53872. Calculate r(152).
392
Let a(j) = 29169*j - 4696147. What is a(161)?
62
Let m(d) = 435*d**3 + 2614*d**2 + 7*d - 99. Determine m(-6).
3
Let z(d) = -11984*d + 1593890. Determine z(133).
18
Let c(a) = -a**3 - 58*a**2 - 91*a + 634. What is c(-56)?
-542
Let x(d) = 11482*d - 67969. Calculate x(6).
923
Let p(n) = -15*n**2 + 9286*n - 1437071. Determine p(307).
-4
Let k(o) = -7*o**3 - 512*o**2 - 205*o - 9634. Determine k(-73).
2
Let n(w) = -w**3 + 247*w**2 + 278*w - 7585. Determine n(248).
-145
Let p(g) = 56*g**2 + 817*g + 453. Calculate p(-14).
-9
Let f(x) = -47544*x + 4754404. What is f(100)?
4
Let p(n) = -n**2 - 19*n + 12028. Determine p(101).
-92
Let p(m) = 7*m**2 - 9538*m - 262681. What is p(-27)?
-52
Let g(i) = -1141*i**2 - 20470*i + 1243. Determine g(-18).
19
Let v(c) = -526*c**2 + 329284*c - 5011. Determine v(626).
-3
Let x(a) = -12*a**3 + 19*a**2 - 25*a + 33. Calculate x(2).
-37
Let w(d) = d**3 + 171*d**2 - 2765*d + 4668. Give w(-186).
18
Let x(v) = v**3 + 97*v**2 - 1917*v - 353. Give x(17).
4
Let r(z) = -z**2 - 456319*z + 2281624. Determine r(5).
4
Let u(s) = -186*s**2 + 519*s + 1032. Give u(-2).
-750
Let i(b) = 58*b**2 - 7605*b - 30366. Determine i(135).
9
Let k(a) = 32*a**2 + 15*a + 41. Determine k(-3).
284
Let b(t) = -1810*t - 136707. What is b(-77)?
2663
Let o(f) = -30*f - 1824. Determine o(-66).
156
Let w(h) = -2093*h**3 - h**2 + 66*h - 63. What is w(1)?
-2091
Let s(n) = -30*n**2 - 135*n + 87. What is s(-5)?
12
Let o(g) = -28*g**3 + 1168*g**2 - 823*g + 240. Give o(41).
117
Let t(p) = -33345*p + 566849. What is t(17)?
-16
Let m(i) = 28*i**2 + 74*i + 400. Give m(-7).
1254
Let u(a) = -a**2 + 163*a - 6522. Give u(71).
10
Let i(s) = 135*s**2 - 1119*s + 1838. Calculate i(6).
-16
Let o(n) = -n**2 + 13972*n + 2075494. What is o(-147)?
1
Let u(a) = -4*a**2 + 55*a + 2114. Determine u(41).
-2355
Let l(w) = 12*w**2 + 172*w + 76. Calculate l(-17).
620
Let n(g) = -g**3 + 237*g**2 + 48222*g - 5046. Calculate n(368).
106
Let b(f) = 76*f + 2799. What is b(-9)?
2115
Let g(m) = -3*m**3 - 2*m**2 + 838*m + 1690. Give g(-2).
30
Let l(g) = -4*g**3 - 395*g**2 + 947*g + 3836. Determine l(-101).
-2
Let j(y) = 249*y - 2288. Calculate j(9).
-47
Let i(c) = -1994*c - 69654. Calculate i(-35).
136
Let a(f) = -17*f**3 + 373*f**2 + 137*f - 2523. Calculate a(22).
7
Let l(n) = n**3 - 178*n**2 + 7560*n + 4. Calculate l(108).
4
Let c(w) = 2*w**3 + 79*w**2 + 277*w + 9287. Calculate c(-39).
5
Let s(p) = 465*p + 58612. Give s(-126).
22
Let n(g) = -773*g + 4248. What is n(6)?
-390
Let u(p) = -p**2 - 1451*p + 153389. What is u(99)?
-61
Let l(z) = 3841*z + 1501834. Give l(-391).
3
Let k(r) = -39*r**2 + 179*r - 785. What is k(4)?
-693
Let i(q) = 23*q**3 + 665*q**2 - 94*q + 167. Determine i(-29).
1211
Let j(r) = -r**3 - 221*r**2 - 3725*r + 2035. Calculate j(-19).
-112
Let z(x) = -30*x**2 + 2*x + 76. Determine z(-5).
-684
Let n(a) = -855*a - 6307. What is n(-7)?
-322
Let d(y) = y**3 + 149*y**2 + 1480*y + 54. What is d(-10)?
-846
Let p(t) = 1215843*t - 17021804. Determine p(14).
-2
Let i(h) = -h**2 + 5304*h + 138373. What is i(-26)?
-207
Let x(q) = -5*q**2 - 1806*q - 30834. Determine x(-18).
54
Let z(w) = 480*w + 11713. Determine z(-24).
193
Let j(f) = -95720*f - 2775876. Determine j(-29).
4
Let y(a) = 249*a**2 - 16947*a + 1227. Give y(68).
207
Let n(g) = 4*g**3 - 133*g**2 - 98*g - 587. Calculate n(34).
-451
Let w(p) = -17019*p - 17025. Determine w(-1).
-6
Let b(g) = g**3 + 207*g**2 + 218*g + 2319. Determine b(-206).
-153
Let s(x) = -x**3 + 788*x**2 - 5378*x - 608. Give s(7).
15
Let l(q) = 8104*q - 105359. Determine l(13).
-7
Let t(q) = -69*q**2 + 7849*q + 9893. Calculate t(115).
3
Let m(t) = -t**3 - 61*t**2 + 545*t - 141. Give m(-69).
342
Let q(u) = 212*u**3 - 839*u**2 + 16*u - 41. Give q(4).
167
Let r(s) = 25649*s - 384732. What is r(15)?
3
Let a(t) = t**2 - 377*t + 6104. What is a(17)?
-16
Let t(l) = -9*l**2 + 932*l + 7514. Give t(111).
77
Let g(o) = -19*o - 1740. What is g(9)?
-1911
Let o(l) = -l**2 + 33*l + 5683. Determine o(104).
-1701
Let g(l) = -l**3 + 158*l**2 - 3532*l - 664. Calculate g(131).
-9
Let x(n) = 16*n**3 + 38*n**2 + 118*n + 495. Give x(-3).
51
Let t(b) = -b**3 - 85*b**2 - 1768*b + 92. Determine t(-48).
-292
Let g(p) = -10988*p - 88066. Give g(-8).
-162
Let u(t) = 16*t**2 - 6896*t - 59. What is u(431)?
-59
Let h(u) = -7*u**2 + 45*u + 54396. Calculate h(-85).
-4
Let n(z) = 14*z**2 + 940*z + 171. Give n(-64).
-2645
Let v(a) = -a**3 - 14*a**2 - 280*a - 4871. Determine v(-16).
121
Let b(y) = -128*y**2 - 44295*y - 2368. Determine b(-346).
54
Let a(x) = -65700*x + 457538. Calculate a(7).
-2362
Let a(s) = -535*s + 27832. What is a(52)?
12
Let o(b) = -b**2 - 168267*b + 1009622. Determine o(6).
-16
Let t(m) = -98*m - 95. Give t(0).
-95
Let y(v) = -v**3 + 17*v**2 - 19*v - 3